{"id":32,"date":"2025-01-28T15:26:13","date_gmt":"2025-01-28T14:26:13","guid":{"rendered":"https:\/\/devleaderprint.marketementvotre.digital\/?page_id=32"},"modified":"2025-10-20T13:52:52","modified_gmt":"2025-10-20T11:52:52","slug":"realisations-references","status":"publish","type":"page","link":"https:\/\/zuqhqpfdapzrpwq.lagencedefab.com\/Prepod\/?page_id=32","title":{"rendered":"R\u00e9alisations &amp; R\u00e9f\u00e9rences"},"content":{"rendered":"\t\t<div data-elementor-type=\"wp-page\" data-elementor-id=\"32\" class=\"elementor elementor-32\" data-elementor-post-type=\"page\">\n\t\t\t\t<div class=\"elementor-element elementor-element-6152894 e-flex e-con-boxed e-con e-parent\" data-id=\"6152894\" data-element_type=\"container\" data-e-type=\"container\">\n\t\t\t\t\t<div class=\"e-con-inner\">\n\t\t\t\t<div class=\"elementor-element elementor-element-cc0f5bc elementor-widget elementor-widget-text-editor\" data-id=\"cc0f5bc\" data-element_type=\"widget\" data-e-type=\"widget\" data-widget_type=\"text-editor.default\">\n\t\t\t\t\t\t\t\t\t<p>Depuis 1962, Leader Print incarne l&rsquo;excellence de l&rsquo;image et de la cr\u00e9ativit\u00e9.<\/p><p>Le groupe sp\u00e9cialis\u00e9 en impression num\u00e9rique grand format et signal\u00e9tique, offre des solutions innovantes pour transformer vos id\u00e9es en r\u00e9alisations impactantes.<\/p>\t\t\t\t\t\t\t\t<\/div>\n\t\t\t\t\t<\/div>\n\t\t\t\t<\/div>\n\t\t<div class=\"elementor-element elementor-element-7eb0466 e-con-full e-flex e-con e-parent\" data-id=\"7eb0466\" data-element_type=\"container\" data-e-type=\"container\">\n\t\t<a class=\"elementor-element elementor-element-e2fd7ee e-con-full e-flex e-con e-child\" data-id=\"e2fd7ee\" data-element_type=\"container\" data-e-type=\"container\" data-settings=\"{&quot;background_background&quot;:&quot;classic&quot;}\" href=\"https:\/\/zuqhqpfdapzrpwq.lagencedefab.com\/Prepod\/amenagement-de-stands\/\">\n\t\t\t\t<div class=\"elementor-element elementor-element-673d8fc elementor-widget elementor-widget-heading\" data-id=\"673d8fc\" data-element_type=\"widget\" data-e-type=\"widget\" data-widget_type=\"heading.default\">\n\t\t\t\t\t<h2 class=\"elementor-heading-title elementor-size-default\">Am\u00e9nagement de stands<\/h2>\t\t\t\t<\/div>\n\t\t\t\t<\/a>\n\t\t<a class=\"elementor-element elementor-element-ae78c46 e-con-full e-flex e-con e-child\" data-id=\"ae78c46\" data-element_type=\"container\" data-e-type=\"container\" data-settings=\"{&quot;background_background&quot;:&quot;classic&quot;}\" href=\"https:\/\/zuqhqpfdapzrpwq.lagencedefab.com\/Prepod\/amenagement-de-bureaux\/\">\n\t\t\t\t<div class=\"elementor-element elementor-element-e533d4b elementor-widget elementor-widget-heading\" data-id=\"e533d4b\" data-element_type=\"widget\" data-e-type=\"widget\" data-widget_type=\"heading.default\">\n\t\t\t\t\t<h2 class=\"elementor-heading-title elementor-size-default\">Am\u00e9nagement de bureaux<\/h2>\t\t\t\t<\/div>\n\t\t\t\t<\/a>\n\t\t<a class=\"elementor-element elementor-element-d67fdf3 e-con-full e-flex e-con e-child\" data-id=\"d67fdf3\" data-element_type=\"container\" data-e-type=\"container\" data-settings=\"{&quot;background_background&quot;:&quot;classic&quot;}\" href=\"https:\/\/zuqhqpfdapzrpwq.lagencedefab.com\/Prepod\/agencement-de-boutique\/\">\n\t\t\t\t<div class=\"elementor-element elementor-element-f40e601 elementor-widget elementor-widget-heading\" data-id=\"f40e601\" data-element_type=\"widget\" data-e-type=\"widget\" data-widget_type=\"heading.default\">\n\t\t\t\t\t<h2 class=\"elementor-heading-title elementor-size-default\">Agencement de boutique<\/h2>\t\t\t\t<\/div>\n\t\t\t\t<\/a>\n\t\t<a class=\"elementor-element elementor-element-5b44744 e-con-full e-flex e-con e-child\" data-id=\"5b44744\" data-element_type=\"container\" data-e-type=\"container\" data-settings=\"{&quot;background_background&quot;:&quot;classic&quot;}\" href=\"https:\/\/zuqhqpfdapzrpwq.lagencedefab.com\/Prepod\/signaletique-et-affiche-exterieure\/\">\n\t\t\t\t<div class=\"elementor-element elementor-element-0fc9a7e elementor-widget elementor-widget-heading\" data-id=\"0fc9a7e\" data-element_type=\"widget\" data-e-type=\"widget\" data-widget_type=\"heading.default\">\n\t\t\t\t\t<h2 class=\"elementor-heading-title elementor-size-default\">Signal\u00e9tique affiche ext\u00e9rieur<\/h2>\t\t\t\t<\/div>\n\t\t\t\t<\/a>\n\t\t\t\t<\/div>\n\t\t<div class=\"elementor-element elementor-element-efd1802 e-con-full e-flex e-con e-parent\" data-id=\"efd1802\" data-element_type=\"container\" data-e-type=\"container\">\n\t\t<a class=\"elementor-element elementor-element-7885992 e-con-full e-flex e-con e-child\" data-id=\"7885992\" data-element_type=\"container\" data-e-type=\"container\" data-settings=\"{&quot;background_background&quot;:&quot;classic&quot;}\" href=\"https:\/\/zuqhqpfdapzrpwq.lagencedefab.com\/Prepod\/communication-evenementielle\/\">\n\t\t\t\t<div class=\"elementor-element elementor-element-62f3f6b elementor-widget elementor-widget-heading\" data-id=\"62f3f6b\" data-element_type=\"widget\" data-e-type=\"widget\" data-widget_type=\"heading.default\">\n\t\t\t\t\t<h2 class=\"elementor-heading-title elementor-size-default\">Communication \u00e9v\u00e9nementielle<\/h2>\t\t\t\t<\/div>\n\t\t\t\t<\/a>\n\t\t<a class=\"elementor-element elementor-element-1e4dfd1 e-con-full e-flex e-con e-child\" data-id=\"1e4dfd1\" data-element_type=\"container\" data-e-type=\"container\" data-settings=\"{&quot;background_background&quot;:&quot;classic&quot;}\" href=\"https:\/\/zuqhqpfdapzrpwq.lagencedefab.com\/Prepod\/marquage-et-habillage-vehicule\/\">\n\t\t\t\t<div class=\"elementor-element elementor-element-2b5939d elementor-widget elementor-widget-heading\" data-id=\"2b5939d\" data-element_type=\"widget\" data-e-type=\"widget\" data-widget_type=\"heading.default\">\n\t\t\t\t\t<h2 class=\"elementor-heading-title elementor-size-default\">Marquage et habillage de v\u00e9hicules<\/h2>\t\t\t\t<\/div>\n\t\t\t\t<\/a>\n\t\t<a class=\"elementor-element elementor-element-0064a8c e-con-full e-flex e-con e-child\" data-id=\"0064a8c\" data-element_type=\"container\" data-e-type=\"container\" data-settings=\"{&quot;background_background&quot;:&quot;classic&quot;}\" href=\"https:\/\/zuqhqpfdapzrpwq.lagencedefab.com\/Prepod\/impression-et-supports-marketing\/\">\n\t\t\t\t<div class=\"elementor-element elementor-element-d2d59d2 elementor-widget elementor-widget-heading\" data-id=\"d2d59d2\" data-element_type=\"widget\" data-e-type=\"widget\" data-widget_type=\"heading.default\">\n\t\t\t\t\t<h2 class=\"elementor-heading-title elementor-size-default\">Impression et supports marketing<\/h2>\t\t\t\t<\/div>\n\t\t\t\t<\/a>\n\t\t<a class=\"elementor-element elementor-element-941bad1 e-con-full e-flex e-con e-child\" data-id=\"941bad1\" data-element_type=\"container\" data-e-type=\"container\" data-settings=\"{&quot;background_background&quot;:&quot;classic&quot;}\" href=\"https:\/\/zuqhqpfdapzrpwq.lagencedefab.com\/Prepod\/museographie\/\">\n\t\t\t\t<div class=\"elementor-element elementor-element-e1771b5 elementor-widget elementor-widget-heading\" data-id=\"e1771b5\" data-element_type=\"widget\" data-e-type=\"widget\" data-widget_type=\"heading.default\">\n\t\t\t\t\t<h2 class=\"elementor-heading-title elementor-size-default\">Mus\u00e9ographie<\/h2>\t\t\t\t<\/div>\n\t\t\t\t<\/a>\n\t\t\t\t<\/div>\n\t\t<div class=\"elementor-element elementor-element-25a31ad e-con-full e-flex e-con e-parent\" data-id=\"25a31ad\" data-element_type=\"container\" data-e-type=\"container\">\n\t\t<div class=\"elementor-element elementor-element-8a9d29d e-con-full e-flex e-con e-child\" data-id=\"8a9d29d\" data-element_type=\"container\" data-e-type=\"container\">\n\t\t\t\t<\/div>\n\t\t<div class=\"elementor-element elementor-element-dec374e e-con-full e-flex e-con e-child\" data-id=\"dec374e\" data-element_type=\"container\" data-e-type=\"container\">\n\t\t\t\t<\/div>\n\t\t\t\t<\/div>\n\t\t\t\t<\/div>\n\t\t","protected":false},"excerpt":{"rendered":"<p>Depuis 1962, Leader Print incarne l&rsquo;excellence de l&rsquo;image et de la cr\u00e9ativit\u00e9. Le groupe sp\u00e9cialis\u00e9 en impression num\u00e9rique grand format et signal\u00e9tique, offre des solutions innovantes pour transformer vos id\u00e9es en r\u00e9alisations impactantes. Am\u00e9nagement de stands Am\u00e9nagement de bureaux Agencement de boutique Signal\u00e9tique affiche ext\u00e9rieur Communication \u00e9v\u00e9nementielle Marquage et habillage de v\u00e9hicules Impression et supports [&hellip;]<\/p>\n","protected":false},"author":1,"featured_media":555,"parent":0,"menu_order":0,"comment_status":"closed","ping_status":"closed","template":"","meta":{"footnotes":""},"folder":[9],"class_list":["post-32","page","type-page","status-publish","has-post-thumbnail","hentry"],"_links":{"self":[{"href":"https:\/\/zuqhqpfdapzrpwq.lagencedefab.com\/Prepod\/index.php?rest_route=\/wp\/v2\/pages\/32","targetHints":{"allow":["GET"]}}],"collection":[{"href":"https:\/\/zuqhqpfdapzrpwq.lagencedefab.com\/Prepod\/index.php?rest_route=\/wp\/v2\/pages"}],"about":[{"href":"https:\/\/zuqhqpfdapzrpwq.lagencedefab.com\/Prepod\/index.php?rest_route=\/wp\/v2\/types\/page"}],"author":[{"embeddable":true,"href":"https:\/\/zuqhqpfdapzrpwq.lagencedefab.com\/Prepod\/index.php?rest_route=\/wp\/v2\/users\/1"}],"replies":[{"embeddable":true,"href":"https:\/\/zuqhqpfdapzrpwq.lagencedefab.com\/Prepod\/index.php?rest_route=%2Fwp%2Fv2%2Fcomments&post=32"}],"version-history":[{"count":20,"href":"https:\/\/zuqhqpfdapzrpwq.lagencedefab.com\/Prepod\/index.php?rest_route=\/wp\/v2\/pages\/32\/revisions"}],"predecessor-version":[{"id":1335,"href":"https:\/\/zuqhqpfdapzrpwq.lagencedefab.com\/Prepod\/index.php?rest_route=\/wp\/v2\/pages\/32\/revisions\/1335"}],"wp:featuredmedia":[{"embeddable":true,"href":"https:\/\/zuqhqpfdapzrpwq.lagencedefab.com\/Prepod\/index.php?rest_route=\/wp\/v2\/media\/555"}],"wp:attachment":[{"href":"https:\/\/zuqhqpfdapzrpwq.lagencedefab.com\/Prepod\/index.php?rest_route=%2Fwp%2Fv2%2Fmedia&parent=32"}],"wp:term":[{"taxonomy":"folder","embeddable":true,"href":"https:\/\/zuqhqpfdapzrpwq.lagencedefab.com\/Prepod\/index.php?rest_route=%2Fwp%2Fv2%2Ffolder&post=32"}],"curies":[{"name":"wp","href":"https:\/\/api.w.org\/{rel}","templated":true}]}}